{"id":73,"date":"2022-03-02T17:44:13","date_gmt":"2022-03-02T15:44:13","guid":{"rendered":"https:\/\/www.src.fi\/?page_id=73"},"modified":"2025-09-08T16:23:28","modified_gmt":"2025-09-08T14:23:28","slug":"kuvagalleria","status":"publish","type":"page","link":"https:\/\/www.src.fi\/index.php\/kuvagalleria\/","title":{"rendered":"Kuvagalleria"},"content":{"rendered":"<style type=\"text\/css\" scoped>.rbs_gallery_6a0795e3e6c12Spinner{\r\n\t\t\t\tmargin: 50px auto;\r\n\t\t\t\twidth: 50px;\r\n\t\t\t\theight: 40px;\r\n\t\t\t\ttext-align: center;\r\n\t\t\t\tfont-size: 10px;\r\n\t\t\t}\r\n\t\t\t.rbs_gallery_6a0795e3e6c12Spinner > div{\r\n\t\t\t  background-color: #333;\r\n\t\t\t  height: 100%;\r\n\t\t\t  width: 6px;\r\n\t\t\t  display: inline-block;\r\n\t\t\t  -webkit-animation: rbs_gallery_6a0795e3e6c12-stretchdelay 1.2s infinite ease-in-out;\r\n\t\t\t  animation: rbs_gallery_6a0795e3e6c12-stretchdelay 1.2s infinite ease-in-out;\r\n\t\t\t}\r\n\t\t\t.rbs_gallery_6a0795e3e6c12Spinner .rbs_gallery_6a0795e3e6c12Rect2 {\r\n\t\t\t  -webkit-animation-delay: -1.1s;\r\n\t\t\t  animation-delay: -1.1s;\r\n\t\t\t}\r\n\t\t\t.rbs_gallery_6a0795e3e6c12Spinner .rbs_gallery_6a0795e3e6c12Rect3 {\r\n\t\t\t  -webkit-animation-delay: -1.0s;\r\n\t\t\t  animation-delay: -1.0s;\r\n\t\t\t}\r\n\t\t\t.rbs_gallery_6a0795e3e6c12Spinner .rbs_gallery_6a0795e3e6c12Rect4 {\r\n\t\t\t  -webkit-animation-delay: -0.9s;\r\n\t\t\t  animation-delay: -0.9s;\r\n\t\t\t}\r\n\t\t\t.rbs_gallery_6a0795e3e6c12Spinner .rbs_gallery_6a0795e3e6c12Rect5 {\r\n\t\t\t  -webkit-animation-delay: -0.8s;\r\n\t\t\t  animation-delay: -0.8s;\r\n\t\t\t}\r\n\t\t\t@-webkit-keyframes rbs_gallery_6a0795e3e6c12-stretchdelay {\r\n\t\t\t  0%, 40%, 100% { -webkit-transform: scaleY(0.4) }  \r\n\t\t\t  20% { -webkit-transform: scaleY(1.0) }\r\n\t\t\t}\r\n\t\t\t@keyframes rbs_gallery_6a0795e3e6c12-stretchdelay {\r\n\t\t\t  0%, 40%, 100% { \r\n\t\t\t    transform: scaleY(0.4);\r\n\t\t\t    -webkit-transform: scaleY(0.4);\r\n\t\t\t  }  20% { \r\n\t\t\t    transform: scaleY(1.0);\r\n\t\t\t    -webkit-transform: scaleY(1.0);\r\n\t\t\t  }\r\n\t\t\t}\r\n\t\t<\/style><div class=\"robo-gallery-wrap robo-gallery-wrap-id127 robo-gallery-grid\" ><div id=\"rbs_gallery_6a0795e3e6c12-block-loader\" class=\"rbs_gallery_6a0795e3e6c12Spinner\"><div class=\"rbs_gallery_6a0795e3e6c12Rect1\"><\/div> <div class=\"rbs_gallery_6a0795e3e6c12Rect2\"><\/div> <div class=\"rbs_gallery_6a0795e3e6c12Rect3\"><\/div> <div class=\"rbs_gallery_6a0795e3e6c12Rect4\"><\/div> <div class=\"rbs_gallery_6a0795e3e6c12Rect5\"><\/div><\/div><div id=\"robo_gallery_main_block_rbs_gallery_6a0795e3e6c12\" class=\"robogallery-gallery-127\" style=\"width:100%;  display: none;\"><div id=\"rbs_gallery_6a0795e3e6c12\" data-options=\"rbs_gallery_6a0795e3e6c12\" style=\"width:100%;\" class=\"robo_gallery  \"><div class=\"rbs-img  category127 \" ><div class=\"rbs-img-image   rbs-lightbox \" ><div class=\"rbs-img-thumbs\"  data-thumbnail=\"https:\/\/www.src.fi\/wp-content\/uploads\/2022\/04\/20181013_195319-300x225.jpg\"  title=\"20181013_195319\"  data-width=\"300\"  data-height=\"225\" ><\/div><div class=\"rbs-img-data-popup\"  data-popup=\"https:\/\/www.src.fi\/wp-content\/uploads\/2022\/04\/20181013_195319.jpg\"  title=\"20181013_195319\" ><\/div><div class=\"thumbnail-overlay\"><div class=\"rbsTitle \">20181013_195319<\/div><div class=\"rbsIcons\"><i class=\"fa fa-search-plus rbsZoomIcon \" ><\/i><\/div><\/div><\/div><\/div><div class=\"rbs-img  category127 \" ><div class=\"rbs-img-image   rbs-lightbox \" ><div class=\"rbs-img-thumbs\"  data-thumbnail=\"https:\/\/www.src.fi\/wp-content\/uploads\/2022\/04\/IMG_8598-300x227.jpg\"  title=\"IMG_8598\"  data-width=\"300\"  data-height=\"227\" ><\/div><div class=\"rbs-img-data-popup\"  data-popup=\"https:\/\/www.src.fi\/wp-content\/uploads\/2022\/04\/IMG_8598.jpg\"  title=\"IMG_8598\" ><\/div><div class=\"thumbnail-overlay\"><div class=\"rbsTitle \">IMG_8598<\/div><div class=\"rbsIcons\"><i class=\"fa fa-search-plus rbsZoomIcon \" ><\/i><\/div><\/div><\/div><\/div><div class=\"rbs-img  category127 \" ><div class=\"rbs-img-image   rbs-lightbox \" ><div class=\"rbs-img-thumbs\"  data-thumbnail=\"https:\/\/www.src.fi\/wp-content\/uploads\/2022\/04\/IMG_5112-300x205.jpg\"  title=\"IMG_5112\"  data-width=\"300\"  data-height=\"205\" ><\/div><div class=\"rbs-img-data-popup\"  data-popup=\"https:\/\/www.src.fi\/wp-content\/uploads\/2022\/04\/IMG_5112.jpg\"  title=\"IMG_5112\" ><\/div><div class=\"thumbnail-overlay\"><div class=\"rbsTitle \">IMG_5112<\/div><div class=\"rbsIcons\"><i class=\"fa fa-search-plus rbsZoomIcon \" ><\/i><\/div><\/div><\/div><\/div><div class=\"rbs-img  category127 \" ><div class=\"rbs-img-image   rbs-lightbox \" ><div class=\"rbs-img-thumbs\"  data-thumbnail=\"https:\/\/www.src.fi\/wp-content\/uploads\/2022\/04\/IMG_5066-300x168.jpg\"  title=\"IMG_5066\"  data-width=\"300\"  data-height=\"168\" ><\/div><div class=\"rbs-img-data-popup\"  data-popup=\"https:\/\/www.src.fi\/wp-content\/uploads\/2022\/04\/IMG_5066.jpg\"  title=\"IMG_5066\" ><\/div><div class=\"thumbnail-overlay\"><div class=\"rbsTitle \">IMG_5066<\/div><div class=\"rbsIcons\"><i class=\"fa fa-search-plus rbsZoomIcon \" ><\/i><\/div><\/div><\/div><\/div><div class=\"rbs-img  category127 \" ><div class=\"rbs-img-image   rbs-lightbox \" ><div class=\"rbs-img-thumbs\"  data-thumbnail=\"https:\/\/www.src.fi\/wp-content\/uploads\/2022\/04\/IMG_5065-286x300.jpg\"  title=\"IMG_5065\"  data-width=\"286\"  data-height=\"300\" ><\/div><div class=\"rbs-img-data-popup\"  data-popup=\"https:\/\/www.src.fi\/wp-content\/uploads\/2022\/04\/IMG_5065.jpg\"  title=\"IMG_5065\" ><\/div><div class=\"thumbnail-overlay\"><div class=\"rbsTitle \">IMG_5065<\/div><div class=\"rbsIcons\"><i class=\"fa fa-search-plus rbsZoomIcon \" ><\/i><\/div><\/div><\/div><\/div><div class=\"rbs-img  category127 \" ><div class=\"rbs-img-image   rbs-lightbox \" ><div class=\"rbs-img-thumbs\"  data-thumbnail=\"https:\/\/www.src.fi\/wp-content\/uploads\/2022\/04\/IMG_5062-300x138.jpg\"  title=\"IMG_5062\"  data-width=\"300\"  data-height=\"138\" ><\/div><div class=\"rbs-img-data-popup\"  data-popup=\"https:\/\/www.src.fi\/wp-content\/uploads\/2022\/04\/IMG_5062.jpg\"  title=\"IMG_5062\" ><\/div><div class=\"thumbnail-overlay\"><div class=\"rbsTitle \">IMG_5062<\/div><div class=\"rbsIcons\"><i class=\"fa fa-search-plus rbsZoomIcon \" ><\/i><\/div><\/div><\/div><\/div><div class=\"rbs-img  category127 \" ><div class=\"rbs-img-image   rbs-lightbox \" ><div class=\"rbs-img-thumbs\"  data-thumbnail=\"https:\/\/www.src.fi\/wp-content\/uploads\/2022\/04\/IMG_5051-300x159.jpg\"  title=\"IMG_5051\"  data-width=\"300\"  data-height=\"159\" ><\/div><div class=\"rbs-img-data-popup\"  data-popup=\"https:\/\/www.src.fi\/wp-content\/uploads\/2022\/04\/IMG_5051.jpg\"  title=\"IMG_5051\" ><\/div><div class=\"thumbnail-overlay\"><div class=\"rbsTitle \">IMG_5051<\/div><div class=\"rbsIcons\"><i class=\"fa fa-search-plus rbsZoomIcon \" ><\/i><\/div><\/div><\/div><\/div><div class=\"rbs-img  category127 \" ><div class=\"rbs-img-image   rbs-lightbox \" ><div class=\"rbs-img-thumbs\"  data-thumbnail=\"https:\/\/www.src.fi\/wp-content\/uploads\/2022\/04\/IMG_5047-300x174.jpg\"  title=\"IMG_5047\"  data-width=\"300\"  data-height=\"174\" ><\/div><div class=\"rbs-img-data-popup\"  data-popup=\"https:\/\/www.src.fi\/wp-content\/uploads\/2022\/04\/IMG_5047.jpg\"  title=\"IMG_5047\" ><\/div><div class=\"thumbnail-overlay\"><div class=\"rbsTitle \">IMG_5047<\/div><div class=\"rbsIcons\"><i class=\"fa fa-search-plus rbsZoomIcon \" ><\/i><\/div><\/div><\/div><\/div><div class=\"rbs-img  category127 \" ><div class=\"rbs-img-image   rbs-lightbox \" ><div class=\"rbs-img-thumbs\"  data-thumbnail=\"https:\/\/www.src.fi\/wp-content\/uploads\/2022\/04\/IMG_5024-300x189.jpg\"  title=\"IMG_5024\"  data-width=\"300\"  data-height=\"189\" ><\/div><div class=\"rbs-img-data-popup\"  data-popup=\"https:\/\/www.src.fi\/wp-content\/uploads\/2022\/04\/IMG_5024.jpg\"  title=\"IMG_5024\" ><\/div><div class=\"thumbnail-overlay\"><div class=\"rbsTitle \">IMG_5024<\/div><div class=\"rbsIcons\"><i class=\"fa fa-search-plus rbsZoomIcon \" ><\/i><\/div><\/div><\/div><\/div><div class=\"rbs-img  category127 \" ><div class=\"rbs-img-image   rbs-lightbox \" ><div class=\"rbs-img-thumbs\"  data-thumbnail=\"https:\/\/www.src.fi\/wp-content\/uploads\/2022\/04\/IMG_5018-300x207.jpg\"  title=\"IMG_5018\"  data-width=\"300\"  data-height=\"207\" ><\/div><div class=\"rbs-img-data-popup\"  data-popup=\"https:\/\/www.src.fi\/wp-content\/uploads\/2022\/04\/IMG_5018.jpg\"  title=\"IMG_5018\" ><\/div><div class=\"thumbnail-overlay\"><div class=\"rbsTitle \">IMG_5018<\/div><div class=\"rbsIcons\"><i class=\"fa fa-search-plus rbsZoomIcon \" ><\/i><\/div><\/div><\/div><\/div><div class=\"rbs-img  category127 \" ><div class=\"rbs-img-image   rbs-lightbox \" ><div class=\"rbs-img-thumbs\"  data-thumbnail=\"https:\/\/www.src.fi\/wp-content\/uploads\/2022\/04\/IMG_3385-300x71.jpg\"  title=\"IMG_3385\"  data-width=\"300\"  data-height=\"71\" ><\/div><div class=\"rbs-img-data-popup\"  data-popup=\"https:\/\/www.src.fi\/wp-content\/uploads\/2022\/04\/IMG_3385.jpg\"  title=\"IMG_3385\" ><\/div><div class=\"thumbnail-overlay\"><div class=\"rbsTitle \">IMG_3385<\/div><div class=\"rbsIcons\"><i class=\"fa fa-search-plus rbsZoomIcon \" ><\/i><\/div><\/div><\/div><\/div><\/div><\/div><\/div><script>var rbs_gallery_6a0795e3e6c12 = {\"version\":\"5.1.4\",\"id\":127,\"class\":\"id127\",\"roboGalleryDelay\":1000,\"mainContainer\":\"#robo_gallery_main_block_rbs_gallery_6a0795e3e6c12\",\"loadingContainer\":\"#rbs_gallery_6a0795e3e6c12-block-loader\",\"loadingContainerObj\":\"rbs_gallery_6a0795e3e6c12-block-loader\",\"columnWidth\":\"auto\",\"columns\":3,\"resolutions\":[{\"columnWidth\":\"auto\",\"columns\":3,\"maxWidth\":960},{\"columnWidth\":\"auto\",\"columns\":2,\"maxWidth\":650},{\"columnWidth\":\"auto\",\"columns\":1,\"maxWidth\":450}],\"lightboxOptions\":{\"gallery\":{\"enabled\":true,\"tCounter\":\"%curr% of %total%\"}},\"overlayEffect\":\"direction-aware-fade\",\"boxesToLoadStart\":12,\"boxesToLoad\":8,\"waitUntilThumbLoads\":1,\"LoadingWord\":\"Loading...\",\"loadMoreWord\":\"Load More\",\"noMoreEntriesWord\":\"No More Entries\",\"horizontalSpaceBetweenBoxes\":15,\"verticalSpaceBetweenBoxes\":15,\"lazyLoad\":1,\"wrapContainer\":\"#robo-gallery-wrap-rbs_gallery_6a0795e3e6c12\"};<\/script>\n\n\n<p>Valokuvien lis\u00e4ksi SRC pyrkii l\u00e4hett\u00e4m\u00e4\u00e4n radallaan j\u00e4rjestetyt kilpailut Youtubeen <a href=\"https:\/\/www.youtube.com\/@slotracingclubhyvinkaa\/\" data-type=\"URL\" data-id=\"https:\/\/www.youtube.com\/channel\/UCvHuwEaUMCAgBsGH_BHFgww\">https:\/\/www.youtube.com\/@slotracingclubhyvinkaa\/<\/a>, josta ne ovat katsottavissa live-l\u00e4hetyksen\u00e4 tai tallenteina.<\/p>\n","protected":false},"excerpt":{"rendered":"<p>Valokuvien lis\u00e4ksi SRC pyrkii l\u00e4hett\u00e4m\u00e4\u00e4n radallaan j\u00e4rjestetyt kilpailut Youtubeen https:\/\/www.youtube.com\/@slotracingclubhyvinkaa\/, josta ne ovat katsottavissa live-l\u00e4hetyksen\u00e4 tai tallenteina.<\/p>\n","protected":false},"author":1,"featured_media":0,"parent":0,"menu_order":0,"comment_status":"closed","ping_status":"closed","template":"","meta":{"footnotes":""},"class_list":["post-73","page","type-page","status-publish","hentry"],"jetpack_sharing_enabled":true,"publishpress_future_action":{"enabled":false,"date":"2026-05-22 23:53:39","action":"change-status","newStatus":"draft","terms":[],"taxonomy":"","extraData":[]},"publishpress_future_workflow_manual_trigger":{"enabledWorkflows":[]},"_links":{"self":[{"href":"https:\/\/www.src.fi\/index.php\/wp-json\/wp\/v2\/pages\/73","targetHints":{"allow":["GET"]}}],"collection":[{"href":"https:\/\/www.src.fi\/index.php\/wp-json\/wp\/v2\/pages"}],"about":[{"href":"https:\/\/www.src.fi\/index.php\/wp-json\/wp\/v2\/types\/page"}],"author":[{"embeddable":true,"href":"https:\/\/www.src.fi\/index.php\/wp-json\/wp\/v2\/users\/1"}],"replies":[{"embeddable":true,"href":"https:\/\/www.src.fi\/index.php\/wp-json\/wp\/v2\/comments?post=73"}],"version-history":[{"count":5,"href":"https:\/\/www.src.fi\/index.php\/wp-json\/wp\/v2\/pages\/73\/revisions"}],"predecessor-version":[{"id":906,"href":"https:\/\/www.src.fi\/index.php\/wp-json\/wp\/v2\/pages\/73\/revisions\/906"}],"wp:attachment":[{"href":"https:\/\/www.src.fi\/index.php\/wp-json\/wp\/v2\/media?parent=73"}],"curies":[{"name":"wp","href":"https:\/\/api.w.org\/{rel}","templated":true}]}}